r?
10
Let l(o) = o**3 - 4*o**2 + 3*o + 4. Calculate the remainder when 13 is divided by l(3).
1
Let r = 2 + -3. Let k(h) = 3*h - 1. Let g be k(r). Calculate the remainder when 8 is divided by 5*1/g*-4.
3
Suppose -13 = -2*o + 3*z + 7, -17 = -o - 2*z. Calculate the remainder when 50 is divided by o.
11
Let g = 62 - 35. Let h = g + -4. Calculate the remainder when h is divided by 13.
10
Calculate the remainder when (16/(-3))/(9/(-27)) is divided by (-2)/3 + 80/12.
4
Let z(r) = -2*r**3 + 2*r**2 + 2*r - 2. Let a = 69 - 16. What is the remainder when a is divided by z(-2)?
17
Let w(j) = -j**2 - 11*j + 12. Suppose 3*z + 6*c = 2*c + 4, -5*c + 10 = 5*z. Suppose -z*n + n + 36 = 0. Calculate the remainder when w(-10) is divided by n.
10
What is the remainder when 39 is divided by ((-15)/(-5))/(9/30)?
9
Let o = -8 + 4. Let f = -2 - o. Let q = 2 + f. Calculate the remainder when 11 is divided by q.
3
Let m be (-14)/(-35) + 46/10. Let j = -3 + m. Suppose 4*c = 3*y - 95, 0 = -j*y - 2*y + 2*c + 130. What is the remainder when y is divided by 9?
6
Suppose -118 = -3*x + 47. Let f(a) = a**3 + a**2 + 3*a - 1. Let w be f(-3). Let m = 47 + w. What is the remainder when x is divided by m?
17
Suppose 51 = 5*h - 49. Calculate the remainder when 58 is divided by h.
18
Suppose 3*p - s = 3*s + 63, -5*s - 42 = -2*p. What is the remainder when (7/p)/(3/198) is divided by 6?
4
What is the remainder when 49 is divided by 13*(-1)/(2/(-2))?
10
Let n(t) = -4*t**3 - 2*t - 1. Let j be n(-1). Suppose -12 = -j*w + 18. What is the remainder when 23 is divided by w?
5
Suppose -11*w = -8*w - 159. Calculate the remainder when w is divided by 18.
17
Let d(p) = 16*p - 4. Let c(q) = -q + 1. Let w(b) = -12*c(b) - d(b). Suppose 2*n = -3*m + 12 + 4, 5*n = -5. Calculate the remainder when w(-6) is divided by m.
4
Let i = 94 + -59. What is the remainder when i is divided by 18?
17
Calculate the remainder when 2/((-6)/(-93)) + -2 is divided by 8.
5
Let x = -27 - -77. Let r = -12 + x. What is the remainder when r is divided by 13?
12
Let a(o) = 7*o + 4. Let q(n) = -n**3 - 9*n**2 - 11. Let k be q(-9). Let w = 20 + k. What is the remainder when a(3) is divided by w?
7
Let r be 88/14 + (-2)/7. Suppose -27 = -r*g + 5*g. Suppose g = 3*l - 3. Calculate the remainder when l is divided by 4.
2
Suppose 10 = 5*k - 5*m, -2*k + 3*m = -3*k - 14. Calculate the remainder when (-6 + k)*(-29)/4 is divided by (-276)/(-14) + 8/28.
18
Calculate the remainder when 18 is divided by 20*3*(-3)/(-18).
8
Let k = -39 + 57. What is the remainder when 35 is divided by k?
17
Let d = 8 - -8. Suppose a = 3*a - d. Let n(t) = 3*t**3 - 3*t**2 + t + 1. Calculate the remainder when n(2) is divided by a.
7
Suppose -o = -2*o - 4*u + 1, 10 = -5*u. Let f(w) = -3*w - 7. Calculate the remainder when o is divided by f(-4).
4
Let z(o) = -44*o + 1. Suppose 0 = u + 3*f + 4 - 31, -2*f - 152 = -5*u. What is the remainder when z(-2) is divided by u?
29
Suppose 4*j - h + 7 - 38 = 0, -j = 4*h - 29. What is the remainder when 70 is divided by j?
7
Let v = 34 - 18. Let a = -11 + v. Suppose -3*c + 20 = o, -4*c + c + 62 = 4*o. What is the remainder when o is divided by a?
4
Let n(a) be the second derivative of a**5/20 + a**4/2 + a**3/6 - 5*a**2/2 - 7*a. What is the remainder when 44 is divided by n(-4)?
21
Let u = -2 - -6. Let h(s) = -s**3 - 4*s**2 + 4*s + 5. Suppose l + 5 = -0*p - 2*p, 2*l = -2*p. Calculate the remainder when h(p) is divided by u.
2
Suppose i + 2*p = -0 + 3, -5*p - 6 = -2*i. What is the remainder when 10 is divided by (36/(-10) + i)*-5?
1
Suppose -16 = 7*t - 8*t. Let q = 33 - t. Suppose -n - 2*d = -0*d, n + 5*d = -15. What is the remainder when q is divided by n?
7
Let o(f) be the third derivative of -f**4/6 + f**3/3 + 3*f**2. Let s(i) = i. Let x(l) = -2*o(l) - 6*s(l). Calculate the remainder when 39 is divided by x(12).
19
Let n(z) = z**2 - 4*z - 1. Let m(h) = -5*h + 1. Calculate the remainder when m(-6) is divided by n(6).
9
Let q(p) = p**2 + 7*p + 7. Suppose 0 = 3*b - 9 + 3. Suppose 2*a = -0*a + 4*d + 32, 0 = 2*d - b. What is the remainder when q(-11) is divided by a?
15
Calculate the remainder when (44/3)/((-8)/(-12)) is divided by 6.
4
Let n(p) = -7*p - 3. What is the remainder when n(-4) is divided by (-18)/(-1) + -4*1?
11
Calculate the remainder when 52 - (0/(-1))/3 is divided by 15.
7
Let f = 2 - -3. Suppose -38 = -2*y + 3*w - 4, 2*y + f*w = 2. Calculate the remainder when 21 is divided by y.
10
Suppose -4*m = -5*h + 633, -7*m = -3*m - 12. What is the remainder when h is divided by 34?
27
Suppose -3*x + 3 = -2*x. Suppose -x = -r + 5. Calculate the remainder when 22 is divided by r.
6
Let p = 54 + -46. What is the remainder when 12 is divided by p?
4
Let z = -23 - -42. Suppose 3*x = -2*x + 340. Suppose x + 117 = 5*w. What is the remainder when w is divided by z?
18
Let p = -11 + 8. Let d(z) = -4*z - 4. Let u(o) = -o**2 + 9*o - 6. What is the remainder when u(4) is divided by d(p)?
6
Let k = -19 + 27. What is the remainder when k is divided by 2/(-8) - 21/(-4)?
3
Let w(p) be the second derivative of 5*p**3/6 + 5*p**2/2 + 2*p. What is the remainder when w(7) is divided by 14?
12
Let d = -6 - -8. Suppose w + 13 = d*w. What is the remainder when 37 is divided by w?
11
Let c be (-2)/8 - 13/(-4). Let x be (6/(-9))/((-2)/c). Let s = x + 6. What is the remainder when 12 is divided by s?
5
Let z = 14 - -18. Suppose 5*w - 99 = -2*r, 2*w = 4*r - r + z. What is the remainder when w is divided by 5?
4
Suppose 0*n - 4*n = 3*r - 158, 5*r - 162 = -4*n. Calculate the remainder when n is divided by 10.
8
Let n be (16/(-20))/(2/(-15)). Suppose 0 = -h + n*h. Suppose h = -3*y + y + 16. What is the remainder when y is divided by 3?
2
Let d = -151 + 77. Let c(v) = -2*v**3 - v**2 - 2*v - 1. Let n be c(2). Let i = n - d. What is the remainder when i is divided by 17?
15
Let b = -5 + 13. Let j = 3 - 3. Let n = b - j. What is the remainder when n is divided by 5?
3
Let r(k) = -2*k - 1. Let g be r(-5). Let w be (-1 + -1)/(-2) - 4. Let c = w + g. Calculate the remainder when 16 is divided by c.
4
Suppose 0 = -a + 2*g + 3, 4*a + 0*a + 3*g - 1 = 0. What is the remainder when 2 is divided by a?
0
Suppose -2*v - 2*v - 216 = 0. Let i = 86 + v. What is the remainder when i is divided by 11?
10
Let w(u) = -2*u**2 + 3*u + 2. Let r(x) = x**2 + x - 1. Let d(j) = -r(j) - w(j). Let a = -24 + 55. What is the remainder when a is divided by d(6)?
9
What is the remainder when -1 + ((-80)/(-3))/((-16)/(-48)) is divided by 18?
7
Let l(u) = -u - 8. Let x be l(-6). Let f(g) = -3*g - 1. Let o(v) = 11*v + 5. Let t(p) = x*o(p) - 9*f(p). Calculate the remainder when 10 is divided by t(1).
2
Let v = -27 - -9. Let g = 25 + v. Calculate the remainder when 18 is divided by g.
4
Let t be 0 - 8 - 1*-1. Calculate the remainder when 4/(-14) - 30/t is divided by 3.
1
Let x = 98 + -55. Calculate the remainder when x is divided by 15.
13
Let j(w) = -w. Let o(h) = -h**3 + h - 12. Let p be o(0). What is the remainder when 33 is divided by j(p)?
9
Suppose 3 = 2*w - w. Suppose 0*t + w*t = 45. Suppose 163 = 4*u + 2*z - 17, 3*z - 12 = 0. Calculate the remainder when u is divided by t.
13
Let b(o) = o**3 + 29*o**2 + 2*o + 61. Calculate the remainder when 10 is divided by b(-29).
1
Let s be (104/12)/((-2)/(-3)). Let w = 39 + s. Let d = 75 - w. What is the remainder when d is divided by 12?
11
Let x(n) = -n**3 + 6*n**2 - 3*n + 1. Let u be x(5). Suppose -3*q + d = -2 - u, -5*q = -2*d - 20. Calculate the remainder when 2/5 - (-156)/10 is divided by q.
4
Let p = 38 - 9. Calculate the remainder when p is divided by 17.
12
Let i(u) = u**2 - 7*u - 3. Let l be i(4). Let o(x) = -31*x**2 - 2*x + 1. Let n be o(1). Let r = l - n. Calculate the remainder when r is divided by 6.
5
Suppose -2*c - 9 = -i + 29, -3*c = -15. Calculate the remainder when i is divided by 26.
22
Suppose 4 = -0*o - 2*o. Let x(c) = c**2 + c + 1. Let z be x(o). Suppose 5*n + z = b, 0*b = 2*b - 5*n - 16. Calculate the remainder when 24 is divided by b.
11
Suppose t = 3, -3*z - 5*t + 87 = -3*t. Calculate the remainder when z is divided by 10.
7
Suppose 5*c - g = 772, 2*c + 4*g + 143 = 3*c. What is the remainder when c is divided by 39?
38
Suppose v + 10 = 6*v. Suppose -4*h + v*h = -86. What is the remainder when h is divided by 11?
10